{"id":30,"date":"2026-02-13T18:12:32","date_gmt":"2026-02-13T18:12:32","guid":{"rendered":"http:\/\/juergenreiners.de\/?page_id=30"},"modified":"2026-02-13T19:33:25","modified_gmt":"2026-02-13T19:33:25","slug":"architektur","status":"publish","type":"page","link":"http:\/\/juergenreiners.de\/?page_id=30","title":{"rendered":"Standorte"},"content":{"rendered":"\n<p>Unsere B\u00fcrogr\u00fcndung fand im April 2000 in der Katharinenstra\u00dfe 6a im Oldenburger Haareneschviertel statt. Im Jahr 2006 nahmen wir am &#8222;Tag des offenen Architekturb\u00fcros&#8220; der Architektenkammer teil.<br><\/p>\n\n\n\n<div class=\"wp-container-1 wp-block-group\"><div class=\"wp-block-group__inner-container\">\n<figure class=\"wp-block-image\"><img alt=\"\"\/><\/figure>\n<\/div><\/div>\n\n\n\n<p><br>2009 im Technologie- und Wirtschaftszentrum TWZ auf dem Fabrikdenkmal-Quartier Nordwolle Delmenhorst <\/p>\n\n\n\n<figure class=\"wp-container-3 wp-block-gallery-2 wp-block-gallery has-nested-images columns-default is-cropped\">\n<figure class=\"wp-block-image\"><img loading=\"lazy\" width=\"1024\" height=\"768\" data-id=\"76\"  src=\"http:\/\/juergenreiners.de\/wp-content\/uploads\/2020\/05\/IMG_20200529_135633_466-1024x768.jpg\" alt=\"\" class=\"wp-image-76\" srcset=\"http:\/\/juergenreiners.de\/wp-content\/uploads\/2020\/05\/IMG_20200529_135633_466-1024x768.jpg 1024w, http:\/\/juergenreiners.de\/wp-content\/uploads\/2020\/05\/IMG_20200529_135633_466-300x225.jpg 300w, http:\/\/juergenreiners.de\/wp-content\/uploads\/2020\/05\/IMG_20200529_135633_466-768x576.jpg 768w, http:\/\/juergenreiners.de\/wp-content\/uploads\/2020\/05\/IMG_20200529_135633_466.jpg 1280w\" sizes=\"(max-width: 706px) 89vw, (max-width: 767px) 82vw, 740px\" \/><\/figure>\n\n\n\n<figure class=\"wp-block-image\"><img loading=\"lazy\" width=\"1024\" height=\"576\" data-id=\"75\"  src=\"http:\/\/juergenreiners.de\/wp-content\/uploads\/2020\/05\/IMG_20200529_135629_523-1024x576.jpg\" alt=\"\" class=\"wp-image-75\" srcset=\"http:\/\/juergenreiners.de\/wp-content\/uploads\/2020\/05\/IMG_20200529_135629_523-1024x576.jpg 1024w, http:\/\/juergenreiners.de\/wp-content\/uploads\/2020\/05\/IMG_20200529_135629_523-300x169.jpg 300w, http:\/\/juergenreiners.de\/wp-content\/uploads\/2020\/05\/IMG_20200529_135629_523-768x432.jpg 768w, http:\/\/juergenreiners.de\/wp-content\/uploads\/2020\/05\/IMG_20200529_135629_523.jpg 1280w\" sizes=\"(max-width: 706px) 89vw, (max-width: 767px) 82vw, 740px\" \/><\/figure>\n\n\n\n<figure class=\"wp-block-image\"><img loading=\"lazy\" width=\"1024\" height=\"768\" data-id=\"74\"  src=\"http:\/\/juergenreiners.de\/wp-content\/uploads\/2020\/05\/IMG_20200529_135626_326-1024x768.jpg\" alt=\"\" class=\"wp-image-74\" srcset=\"http:\/\/juergenreiners.de\/wp-content\/uploads\/2020\/05\/IMG_20200529_135626_326-1024x768.jpg 1024w, http:\/\/juergenreiners.de\/wp-content\/uploads\/2020\/05\/IMG_20200529_135626_326-300x225.jpg 300w, http:\/\/juergenreiners.de\/wp-content\/uploads\/2020\/05\/IMG_20200529_135626_326-768x576.jpg 768w, http:\/\/juergenreiners.de\/wp-content\/uploads\/2020\/05\/IMG_20200529_135626_326.jpg 1280w\" sizes=\"(max-width: 706px) 89vw, (max-width: 767px) 82vw, 740px\" \/><\/figure>\n\n\n\n<figure class=\"wp-block-image\"><img loading=\"lazy\" width=\"1024\" height=\"1024\" data-id=\"73\"  src=\"http:\/\/juergenreiners.de\/wp-content\/uploads\/2020\/05\/IMG_20200529_135622_793-1024x1024.jpg\" alt=\"\" class=\"wp-image-73\" srcset=\"http:\/\/juergenreiners.de\/wp-content\/uploads\/2020\/05\/IMG_20200529_135622_793-1024x1024.jpg 1024w, http:\/\/juergenreiners.de\/wp-content\/uploads\/2020\/05\/IMG_20200529_135622_793-150x150.jpg 150w, http:\/\/juergenreiners.de\/wp-content\/uploads\/2020\/05\/IMG_20200529_135622_793-300x300.jpg 300w, http:\/\/juergenreiners.de\/wp-content\/uploads\/2020\/05\/IMG_20200529_135622_793-768x768.jpg 768w, http:\/\/juergenreiners.de\/wp-content\/uploads\/2020\/05\/IMG_20200529_135622_793-100x100.jpg 100w, http:\/\/juergenreiners.de\/wp-content\/uploads\/2020\/05\/IMG_20200529_135622_793.jpg 1280w\" sizes=\"(max-width: 706px) 89vw, (max-width: 767px) 82vw, 740px\" \/><figcaption>Historisches Fabrikensemble Nordwolle: <br>Rechts unser B\u00fcro im EG des TWZ (ehemalige Wollw\u00e4scherei) , <br>links die Zugangstreppe zum Stadtmuseum, Im Hintergrund das Industriemuseum und die VHS. <\/figcaption><\/figure>\n<\/figure>\n\n\n\n<p>2020 B\u00fcrgerstra\u00dfe 39 in Oldenburg-Donnerschwee<\/p>\n\n\n\n<p><\/p>\n\n\n\n<figure class=\"wp-block-image\"><img alt=\"\"\/><\/figure>\n","protected":false},"excerpt":{"rendered":"<p>Unsere B\u00fcrogr\u00fcndung fand im April 2000 in der Katharinenstra\u00dfe 6a im Oldenburger Haareneschviertel statt. Im Jahr 2006 nahmen wir am &#8222;Tag des offenen Architekturb\u00fcros&#8220; der Architektenkammer teil. 2009 im Technologie- und Wirtschaftszentrum TWZ auf dem Fabrikdenkmal-Quartier Nordwolle Delmenhorst 2020 B\u00fcrgerstra\u00dfe 39 in Oldenburg-Donnerschwee<\/p>\n","protected":false},"author":1,"featured_media":0,"parent":0,"menu_order":0,"comment_status":"closed","ping_status":"closed","template":"","meta":[],"_links":{"self":[{"href":"http:\/\/juergenreiners.de\/index.php?rest_route=\/wp\/v2\/pages\/30"}],"collection":[{"href":"http:\/\/juergenreiners.de\/index.php?rest_route=\/wp\/v2\/pages"}],"about":[{"href":"http:\/\/juergenreiners.de\/index.php?rest_route=\/wp\/v2\/types\/page"}],"author":[{"embeddable":true,"href":"http:\/\/juergenreiners.de\/index.php?rest_route=\/wp\/v2\/users\/1"}],"replies":[{"embeddable":true,"href":"http:\/\/juergenreiners.de\/index.php?rest_route=%2Fwp%2Fv2%2Fcomments&post=30"}],"version-history":[{"count":12,"href":"http:\/\/juergenreiners.de\/index.php?rest_route=\/wp\/v2\/pages\/30\/revisions"}],"predecessor-version":[{"id":166,"href":"http:\/\/juergenreiners.de\/index.php?rest_route=\/wp\/v2\/pages\/30\/revisions\/166"}],"wp:attachment":[{"href":"http:\/\/juergenreiners.de\/index.php?rest_route=%2Fwp%2Fv2%2Fmedia&parent=30"}],"curies":[{"name":"wp","href":"https:\/\/api.w.org\/{rel}","templated":true}]}}

<p>Unsere Bürogründung fand im April 2000 in der Katharinenstraße 6a im Oldenburger Haareneschviertel statt. Im Jahr 2006 nahmen wir am &#8222;Tag des offenen Architekturbüros&#8220; der Architektenkammer teil.<br></p>



<div class="wp-container-1 wp-block-group"><div class="wp-block-group__inner-container">
<figure class="wp-block-image"><img alt=""/></figure>
</div></div>



<p><br>2009 im Technologie- und Wirtschaftszentrum TWZ auf dem Fabrikdenkmal-Quartier Nordwolle Delmenhorst </p>



<figure class="wp-container-3 wp-block-gallery-2 wp-block-gallery has-nested-images columns-default is-cropped">
<figure class="wp-block-image"><img loading="lazy" width="1024" height="768" data-id="76"  src="http://juergenreiners.de/wp-content/uploads/2020/05/IMG_20200529_135633_466-1024x768.jpg" alt="" class="wp-image-76" srcset="http://juergenreiners.de/wp-content/uploads/2020/05/IMG_20200529_135633_466-1024x768.jpg 1024w, http://juergenreiners.de/wp-content/uploads/2020/05/IMG_20200529_135633_466-300x225.jpg 300w, http://juergenreiners.de/wp-content/uploads/2020/05/IMG_20200529_135633_466-768x576.jpg 768w, http://juergenreiners.de/wp-content/uploads/2020/05/IMG_20200529_135633_466.jpg 1280w" sizes="(max-width: 706px) 89vw, (max-width: 767px) 82vw, 740px" /></figure>



<figure class="wp-block-image"><img loading="lazy" width="1024" height="576" data-id="75"  src="http://juergenreiners.de/wp-content/uploads/2020/05/IMG_20200529_135629_523-1024x576.jpg" alt="" class="wp-image-75" srcset="http://juergenreiners.de/wp-content/uploads/2020/05/IMG_20200529_135629_523-1024x576.jpg 1024w, http://juergenreiners.de/wp-content/uploads/2020/05/IMG_20200529_135629_523-300x169.jpg 300w, http://juergenreiners.de/wp-content/uploads/2020/05/IMG_20200529_135629_523-768x432.jpg 768w, http://juergenreiners.de/wp-content/uploads/2020/05/IMG_20200529_135629_523.jpg 1280w" sizes="(max-width: 706px) 89vw, (max-width: 767px) 82vw, 740px" /></figure>



<figure class="wp-block-image"><img loading="lazy" width="1024" height="768" data-id="74"  src="http://juergenreiners.de/wp-content/uploads/2020/05/IMG_20200529_135626_326-1024x768.jpg" alt="" class="wp-image-74" srcset="http://juergenreiners.de/wp-content/uploads/2020/05/IMG_20200529_135626_326-1024x768.jpg 1024w, http://juergenreiners.de/wp-content/uploads/2020/05/IMG_20200529_135626_326-300x225.jpg 300w, http://juergenreiners.de/wp-content/uploads/2020/05/IMG_20200529_135626_326-768x576.jpg 768w, http://juergenreiners.de/wp-content/uploads/2020/05/IMG_20200529_135626_326.jpg 1280w" sizes="(max-width: 706px) 89vw, (max-width: 767px) 82vw, 740px" /></figure>



<figure class="wp-block-image"><img loading="lazy" width="1024" height="1024" data-id="73"  src="http://juergenreiners.de/wp-content/uploads/2020/05/IMG_20200529_135622_793-1024x1024.jpg" alt="" class="wp-image-73" srcset="http://juergenreiners.de/wp-content/uploads/2020/05/IMG_20200529_135622_793-1024x1024.jpg 1024w, http://juergenreiners.de/wp-content/uploads/2020/05/IMG_20200529_135622_793-150x150.jpg 150w, http://juergenreiners.de/wp-content/uploads/2020/05/IMG_20200529_135622_793-300x300.jpg 300w, http://juergenreiners.de/wp-content/uploads/2020/05/IMG_20200529_135622_793-768x768.jpg 768w, http://juergenreiners.de/wp-content/uploads/2020/05/IMG_20200529_135622_793-100x100.jpg 100w, http://juergenreiners.de/wp-content/uploads/2020/05/IMG_20200529_135622_793.jpg 1280w" sizes="(max-width: 706px) 89vw, (max-width: 767px) 82vw, 740px" /><figcaption>Historisches Fabrikensemble Nordwolle: <br>Rechts unser Büro im EG des TWZ (ehemalige Wollwäscherei) , <br>links die Zugangstreppe zum Stadtmuseum, Im Hintergrund das Industriemuseum und die VHS. </figcaption></figure>
</figure>



<p>2020 Bürgerstraße 39 in Oldenburg-Donnerschwee</p>



<p></p>



<figure class="wp-block-image"><img alt=""/></figure>

<p>Unsere Bürogründung fand im April 2000 in der Katharinenstraße 6a im Oldenburger Haareneschviertel statt. Im Jahr 2006 nahmen wir am &#8222;Tag des offenen Architekturbüros&#8220; der Architektenkammer teil. 2009 im Technologie- und Wirtschaftszentrum TWZ auf dem Fabrikdenkmal-Quartier Nordwolle Delmenhorst 2020 Bürgerstraße 39 in Oldenburg-Donnerschwee</p>
